 be 8/36 - x/(-9). Suppose p = 2*h + 28, -2*p + 4*p = -4*h + 88. What is the greatest common factor of p and a?
12
Suppose -104 = -5*f + f. Suppose 3*z + 2*z = 3*d - 13, 4*d + 2*z = f. Suppose 0 = -0*q - q + 54. Calculate the highest common factor of d and q.
6
Let j(r) = -23*r. Suppose -2*z - 7 = -3*p, 4*p - 2*z - 14 = 3*z. Let x be j(p). Let v = 38 + x. Calculate the highest common factor of v and 10.
5
Suppose -2*q = n - 65, 0*n + 260 = 4*n + 3*q. Calculate the greatest common divisor of 13 and n.
13
Let p = 73 + -1. Let k be 194/22 + (-10)/(-55). Calculate the highest common factor of p and k.
9
Suppose -5*b = -0 + 15. Let o = 2 - b. What is the greatest common divisor of o and 15?
5
Suppose -3*v = 2*z - 6 + 14, 0 = -2*z + 5*v + 24. Suppose -z*t + 56 = 2*t. What is the highest common factor of 7 and t?
7
Let h = 2 - -2. Let z = h + -1. Let r be -28*(-24)/(-14)*1/(-2). Calculate the highest common factor of z and r.
3
Suppose 4*x - 3*x + 257 = 2*t, 0 = -4*t - 5*x + 479. Let q be 9/(-6)*(-28)/3. Calculate the highest common divisor of q and t.
14
Suppose 45 = 2*h - 417. What is the highest common divisor of 33 and h?
33
Let d = -48 - -68. Suppose 96 = 2*y - 4. Calculate the greatest common factor of d and y.
10
Suppose 0 = 4*f + 3*p - 37, 5*f - 4*p - 9 - 14 = 0. What is the highest common factor of f and 77?
7
Suppose -2*o - 1 + 9 = 0. Suppose -o*f + 5 - 1 = 0. What is the greatest common divisor of f and 1?
1
Suppose 18 = -l + 4*l. Suppose 5*j = -3*c + 47, -l*j + 14 = c - 4*j. Calculate the highest common factor of 4 and c.
4
Suppose -2*g = -0*g - 168. Suppose z = -2*z + g. Suppose -2*n + 5*i + 41 = 0, z = n - 0*n - 4*i. What is the greatest common factor of n and 72?
8
Let z be (-40)/(-6)*(-12)/(-10). Suppose -3*t = 2 + 142. Let c be 6*-2*t/36. What is the highest common factor of z and c?
8
Suppose -2*a = a - 57. What is the greatest common divisor of a and 57?
19
Let g(o) = -o**2 - 7*o + 11. Let b be g(-8). Suppose 112 = b*r - 368. What is the greatest common factor of 20 and r?
20
Let l be ((-12)/4)/((-3)/36*1). Calculate the highest common factor of l and 24.
12
Suppose -4*k - 3*a + 601 + 303 = 0, 3*k + 5*a = 689. Let m be k/2 + (-6)/4. What is the greatest common factor of m and 22?
22
Let y be (6 + -3)/(3/5). Suppose 0 = -3*l + o + 275, y*l = -o - 4*o + 425. Calculate the highest common divisor of 36 and l.
18
Let h(a) = a**3 + 2*a + 5 + 0*a**3 - 1 + 9*a**2 - 7. Let x be h(-7). Calculate the highest common divisor of 9 and x.
9
Let k be (-270)/3*8/(-6). Suppose 0 = p - 3*m - 108, 3*p + 2*m = -2*m + 272. Suppose -p = -2*x - 0*x. What is the greatest common divisor of x and k?
24
Let v = 8 + -6. Let r = v + 14. Suppose 2*y - 100 - 130 = 2*x, 5*y - 566 = 2*x. Calculate the highest common divisor of r and y.
16
Let u be 6*(-3 - (-53)/3). Suppose 7*l - 70 = 2*l. Let d be l + 6*3/(-6). What is the greatest common factor of d and u?
11
Let x = 114 + 51. What is the greatest common factor of x and 66?
33
Suppose -3*g + 4*g = 14. Let r(y) = -y**2 + 24*y - 9. Let i be r(15). What is the highest common factor of g and i?
14
Suppose -4*v + 8 = -8*v. Let o be 1*(-2 - -2)/v. Suppose c + o*c = 48. Calculate the highest common factor of c and 6.
6
Let i(s) = -14*s**3 + 2*s**2 - 1. Let u be i(-1). Calculate the highest common factor of 30 and u.
15
Let o be 592/6 + (-1)/(-3). Calculate the highest common divisor of 33 and o.
33
Suppose 12 = a - 5*t, t + 1 = -2*a - 8. Let l be ((-3)/a)/(1/(-28)). Let h = -20 - l. What is the highest common factor of h and 4?
4
Let f(v) = 2*v**3 + 25*v**2 + 5*v - 4. Let a be f(-12). Let y(o) = 3*o - 5. Let z be y(5). What is the greatest common factor of z and a?
10
Let t = 5 + 0. What is the highest common factor of t and 40?
5
Let d(o) = -o**3 + 6*o**2 - 6*o - 3. Let t be d(5). Let f = t + 19. Calculate the highest common factor of 11 and f.
11
Suppose -m + 4*m - 6 = 0. Suppose 0 = -a - 3*a - m*w - 12, 4*a - w + 6 = 0. Let b be (5/2)/(a/(-4)). What is the greatest common divisor of b and 45?
5
Let n(b) = b**3 + 3*b**2 - 2*b + 11. Let j be n(-4). Calculate the highest common factor of 1 and j.
1
Let c(x) = x**2 - x - 15. Let y be c(7). What is the greatest common divisor of 54 and y?
27
Let w(j) = 36*j**2. Let n be w(1). Suppose 4*t = 5*g + 74, -2*g - n = -2*t - 0*t. What is the greatest common factor of 16 and t?
16
Let g(c) = -2 - 12*c**2 - c**3 + 11*c - 2*c + 33*c**2 - 15*c**2. Let h = -14 - -21. Let a be g(h). What is the greatest common divisor of a and 60?
12
Let x be (-74)/(-8) + (-10)/40. What is the highest common factor of x and 9?
9
Let t be (-31)/5 + 4/20. Let h be 2 - 2 - (-42 + 0). Let c = t + h. Calculate the highest common divisor of c and 24.
12
Let h be 520/25 + (8/(-4))/(-10). Calculate the greatest common divisor of h and 63.
21
Let n(k) = 5 + 5*k - 2*k + 2*k - 2*k. Let r be n(-6). Let s = -1 - r. What is the highest common divisor of s and 36?
12
Let g(b) = b**2 + 2*b + 1. Let t(l) = l + 2. Let m be t(-9). Let n be g(m). What is the greatest common factor of 24 and n?
12
Let d(w) = -w**3 - 6*w**2 - 3*w - 4. Let j be d(-6). Suppose -10 = g + g. Let y = -3 - g. Calculate the highest common divisor of j and y.
2
Suppose -4*a = 4*c - 2*c - 84, -4*a = -3*c - 64. Calculate the highest common factor of 152 and a.
19
Let z = 48 - 20. What is the greatest common divisor of z and 4?
4
Suppose -4*h + 2*g + 12 = 0, 8*g = 2*h + 3*g + 2. Suppose 0 = 2*t - 53 - 19. Calculate the greatest common factor of h and t.
4
Suppose -87 - 33 = -3*x. What is the highest common factor of 100 and x?
20
Suppose 0 = -4*r - 7 - 5, 4*k - 6 = 2*r. Suppose 2*x + 3*x - 5 = k. What is the greatest common divisor of x and 1?
1
Suppose u - 7*z + 2*z = 23, -4*z - 31 = -5*u. What is the highest common divisor of 24 and u?
3
Suppose 0 = j - 4*z - 3, 2*j + 4*z - z - 6 = 0. Suppose j*t + t - 108 = 0. Calculate the highest common factor of t and 3.
3
Let j be (-24)/15*110/(-4). Suppose -24 = 4*a - 4. Let m = a + 9. What is the greatest common factor of m and j?
4
Let n be 5*(2 + 7) + 0. Calculate the highest common divisor of n and 18.
9
Let r(l) = -l**2 - 10*l - 7. Let f be r(-8). What is the greatest common factor of f and 72?
9
Let u(a) = -10*a + 6. Suppose 0 = 4*g + g + 60. Let n be u(g). What is the greatest common divisor of n and 18?
18
Let g = -195 + 255. Calculate the greatest common divisor of g and 150.
30
Let l be -12*2/(-9)*-6. Let i = l + 71. What is the greatest common divisor of i and 11?
11
Let y be 426/9 + 2/3. Let k(q) = -q + 2. Let m be k(-6). What is the greatest common factor of y and m?
8
Let s be 9/(1 - (-28)/(-40)). Calculate the greatest common divisor of s and 40.
10
Suppose g + 1 = -2*p, 11 = 3*g - 0*g - p. Suppose n - 3*n + 52 = -5*y, 0 = g*n + 3*y - 36. Calculate the greatest common divisor of n and 40.
8
Let l(a) = -a - 12. Let t be l(-12). Suppose 5*j + 5*p + 19 - 194 = 0, j - p - 41 = t. Calculate the greatest common divisor of 95 and j.
19
Let s be ((-54)/8)/((-1)/4). Let g be (-6)/s - 56/(-9). Suppose l = -2*l + 126. Calculate the greatest common divisor of l and g.
6
Suppose 13*m - 743 = 1246. Calculate the highest common factor of m and 9.
9
Let y be (30/(-2))/((-9)/6). Let q be 187/3 - y/(-15). What is the highest common divisor of q and 9?
9
Let z be (15 - 15) + 0 + 32. What is the highest common divisor of z and 32?
32
Let i be 4/(-3) + (-2)/3. Let o be 5 + i + 3 + -3. Suppose 3*t - t - 124 = -3*k, -o*t = -2*k + 74. What is the highest common divisor of k and 10?
10
Suppose -3*g = -60 - 6. Let x(h) = -h - 4*h + 2 - 2*h + h**2. Let m be x(7). Calculate the greatest common factor of g and m.
2
Let j = 115 - 61. Let x(f) = -9*f**2 - 2*f - 1. Let u be x(-1). Let a be (-10)/(-5) - u/2. What is the greatest common factor of j and a?
6
Let m = 247 + -85. Let d(l) = l**2 - 11*l + 16. Let u be d(9). Let p be u/7 + (-384)/(-21). What is the highest common divisor of p and m?
18
Suppose -55*h - 140 = -65*h. Let c be (-2)/(-8) - (-2)/(-8). Suppose -5*f + 222 + 268 = c. What is the greatest common factor of f and h?
14
Let z = 11 - 5. Suppose 0 = -0*h - 3*h + 72. Calculate the greatest common divisor of z and h.
6
Let r be -3*(-2)/7*21. Let u = -38 + 50. What is the highest common factor of r and u?
6
Let m =